 of 81 and 69?
3
Calculate the highest common factor of 12 and 60.
12
What is the highest common factor of 14 and 7?
7
Calculate the highest common divisor of 216 and 144.
72
What is the highest common divisor of 256 and 248?
8
Calculate the greatest common factor of 400 and 50.
50
Calculate the highest common divisor of 28 and 77.
7
What is the greatest common divisor of 42 and 1869?
21
What is the highest common factor of 12 and 42?
6
Calculate the greatest common factor of 12626 and 2782.
214
Calculate the highest common divisor of 891 and 405.
81
Calculate the greatest common divisor of 1155 and 15.
15
What is the greatest common divisor of 1296 and 4464?
144
What is the highest common divisor of 36 and 1524?
12
What is the highest common divisor of 175 and 50?
25
What is the highest common factor of 73 and 73?
73
Calculate the greatest common factor of 128 and 1440.
32
What is the highest common divisor of 1067 and 97?
97
What is the greatest common factor of 72 and 520?
8
Calculate the greatest common divisor of 51 and 17.
17
Calculate the greatest common factor of 720 and 1485.
45
Calculate the greatest common divisor of 663 and 1870.
17
Calculate the greatest common divisor of 5 and 295.
5
What is the greatest common divisor of 61 and 671?
61
What is the greatest common divisor of 1 and 8?
1
Calculate the highest common factor of 38 and 494.
38
What is the highest common divisor of 66 and 33?
33
Calculate the highest common divisor of 1539 and 405.
81
Calculate the highest common divisor of 471 and 3.
3
What is the highest common factor of 255 and 105?
15
What is the greatest common divisor of 19 and 304?
19
What is the highest common factor of 68 and 748?
68
Calculate the highest common factor of 176 and 924.
44
Calculate the highest common factor of 21 and 1113.
21
Calculate the greatest common factor of 228 and 6669.
57
Calculate the greatest common divisor of 148 and 407.
37
Calculate the greatest common divisor of 18023 and 67.
67
What is the greatest common factor of 956 and 32?
4
What is the greatest common factor of 126 and 315?
63
What is the greatest common factor of 240 and 576?
48
Calculate the greatest common factor of 1365 and 117.
39
What is the greatest common factor of 23 and 529?
23
Calculate the greatest common factor of 1254 and 456.
114
What is the highest common divisor of 580 and 140?
20
Calculate the greatest common factor of 69 and 54.
3
Calculate the greatest common factor of 131 and 3013.
131
What is the greatest common divisor of 2 and 19?
1
What is the greatest common factor of 11 and 649?
11
What is the highest common divisor of 47158 and 323?
323
Calculate the highest common factor of 35 and 420.
35
Calculate the highest common factor of 20 and 362.
2
What is the highest common divisor of 696 and 580?
116
What is the highest common divisor of 259 and 14?
7
What is the greatest common divisor of 378 and 84?
42
What is the greatest common divisor of 2986 and 2?
2
Calculate the greatest common divisor of 32 and 4448.
32
Calculate the highest common divisor of 250 and 5750.
250
Calculate the greatest common divisor of 117 and 312.
39
Calculate the highest common divisor of 42 and 1722.
42
Calculate the greatest common factor of 259 and 999.
37
What is the highest common factor of 215 and 75035?
215
What is the highest common factor of 871 and 67?
67
Calculate the greatest common factor of 155 and 2201.
31
What is the highest common divisor of 216 and 135?
27
Calculate the greatest common factor of 295 and 10.
5
Calculate the highest common divisor of 497 and 14.
7
Calculate the greatest common factor of 64 and 304.
16
Calculate the greatest common divisor of 33 and 1903.
11
Calculate the greatest common divisor of 52 and 559.
13
What is the highest common divisor of 133 and 7?
7
What is the greatest common factor of 854 and 14?
14
What is the highest common divisor of 852 and 24?
12
What is the highest common divisor of 493 and 2057?
17
What is the greatest common divisor of 115 and 483?
23
Calculate the highest common factor of 8 and 578.
2
Calculate the greatest common divisor of 32636 and 164.
164
Calculate the highest common divisor of 2506 and 126.
14
What is the greatest common factor of 260 and 540?
20
Calculate the greatest common divisor of 386 and 3281.
193
What is the highest common divisor of 12 and 4476?
12
Calculate the highest common divisor of 64 and 504.
8
What is the greatest common divisor of 282 and 94?
94
Calculate the highest common factor of 474 and 30.
6
What is the highest common divisor of 20 and 995?
5
What is the greatest common factor of 8626 and 38?
38
What is the highest common factor of 11 and 2123?
11
What is the greatest common divisor of 4 and 2504?
4
Calculate the highest common divisor of 80 and 10470.
10
What is the highest common factor of 14 and 1414?
14
Calculate the greatest common divisor of 16490 and 68.
34
Calculate the greatest common divisor of 84 and 348.
12
What is the highest common divisor of 18 and 24?
6
What is the greatest common factor of 2413 and 171?
19
What is the highest common divisor of 4879 and 51?
17
What is the greatest common divisor of 1352 and 39?
13
Calculate the greatest common factor of 125 and 275.
25
Calculate the greatest common factor of 66 and 42.
6
What is the greatest common divisor of 736 and 920?
184
Calculate the greatest common divisor of 162 and 36.
18
Calculate the greatest common factor of 432 and 189.
27
Calculate the greatest common factor of 704 and 35552.
352
What is the greatest common factor of 204 and 24?
12
What is the greatest common factor of 184 and 3?
1
What is the highest common factor of 988 and 76?
76
Calculate the highest common factor of 54 and 1107.
27
Calculate the highest common factor of 68 and 20.
4
What is the greatest common factor of 4 and 500?
4
Calculate the highest common divisor of 3598 and 42.
14
What is the greatest common factor of 7 and 2723?
7
Calculate the highest common factor of 867 and 51.
51
What is the highest common divisor of 6223 and 49?
49
Calculate the greatest common factor of 44 and 8.
4
What is the greatest common divisor of 160 and 1248?
32
Calculate the greatest common factor of 481 and 111.
37
Calculate the greatest common factor of 108 and 1068.
12
Calculate the highest common factor of 837 and 945.
27
Calculate the highest common divisor of 58 and 1392.
58
What is the greatest common factor of 49 and 329?
7
What is the greatest common divisor of 62 and 6448?
62
What is the greatest common factor of 370 and 20?
10
What is the greatest common divisor of 1001 and 182?
91
Calculate the greatest common divisor of 4 and 140.
4
Calculate the greatest common factor of 222 and 6.
6
What is the highest common divisor of 816 and 255?
51
What is the highest common factor of 2695 and 110?
55
What is the greatest common factor of 2360 and 177?
59
Calculate the greatest common divisor of 7686 and 126.
126
What is the greatest common divisor of 234 and 624?
78
What is the greatest common divisor of 286 and 154?
22
Calculate the highest common factor of 318 and 2650.
106
Calculate the greatest common factor of 572 and 416.
52
Calculate the highest common divisor of 152 and 10184.
152
Calculate the greatest common factor of 88 and 13332.
44
Calculate the greatest common factor of 2561 and 702.
13
What is the highest common factor of 754 and 364?
26
What is the highest common factor of 27 and 46?
1
What is the highest common factor of 141 and 2632?
47
What is the highest common factor of 280 and 2840?
40
What is the greatest common factor of 6 and 141?
3
What is the greatest common divisor of 735 and 49?
49
Calculate the greatest common divisor of 21 and 777.
21
Calculate the highest common divisor of 1944 and 16.
8
Calculate the greatest common divisor of 2480 and 64.
16
Calculate the highest common factor of 297 and 324.
27
Calculate the greatest common divisor of 66 and 143.
11
What is the highest common factor of 3600 and 15?
15
What is the highest common factor of 67535 and 65?
65
Calculate the highest common factor of 18 and 6903.
9
What is the highest common factor of 21 and 777?
21
What is the greatest common factor of 39410 and 70?
70
What is the highest common divisor of 4667 an